2, 385488091
What are the prime factors of 309313823?
7, 13, 617, 787
What are the prime factors of 42747314?
2, 21373657
What are the prime factors of 394426117?
277, 1423921
What are the prime factors of 2178846822?
2, 3, 11909, 30493
What are the prime factors of 6666451?
11, 606041
What are the prime factors of 1716618591?
3, 67, 2846797
What are the prime factors of 25759253?
13, 467, 4243
What are the prime factors of 51252936?
2, 3, 7, 47, 6491
List the prime factors of 790060861.
1471, 537091
List the prime factors of 3249997616.
2, 203124851
What are the prime factors of 204624511?
7, 13, 47, 47843
List the prime factors of 387844938.
2, 3, 13, 751, 2207
List the prime factors of 25960498.
2, 19, 97, 7043
What are the prime factors of 14513717?
29, 500473
What are the prime factors of 47969554?
2, 23984777
List the prime factors of 114145432.
2, 14268179
List the prime factors of 911683421.
11, 41, 2021471
List the prime factors of 970432103.
61, 15908723
List the prime factors of 127579904.
2, 53, 9403
List the prime factors of 509482296.
2, 3, 7076143
What are the prime factors of 1017251278?
2, 103, 4938113
List the prime factors of 15565340.
2, 5, 7, 2269
List the prime factors of 18453226.
2, 11, 76253
What are the prime factors of 187033631?
23, 37, 271, 811
What are the prime factors of 296403904?
2, 4631311
List the prime factors of 51221963.
13, 47, 83833
What are the prime factors of 23171455?
5, 4634291
List the prime factors of 32856648.
2, 3, 11, 17, 7321
List the prime factors of 53979162.
2, 3, 8996527
List the prime factors of 255860687.
255860687
List the prime factors of 610842459.
3, 203614153
What are the prime factors of 136572394?
2, 7, 41, 229, 1039
List the prime factors of 53097698.
2, 17, 1561697
List the prime factors of 3208287938.
2, 1604143969
List the prime factors of 510947799.
3, 170315933
List the prime factors of 2584540977.
3, 6983, 123373
List the prime factors of 404322.
2, 3, 79, 853
List the prime factors of 69274328.
2, 331, 26161
What are the prime factors of 284469469?
83, 3427343
What are the prime factors of 206838754?
2, 53, 229, 8521
What are the prime factors of 74447651?
2521, 29531
List the prime factors of 59046580.
2, 5, 2952329
List the prime factors of 3788516287.
2251, 1683037
What are the prime factors of 2758953315?
3, 5, 43, 139, 30773
What are the prime factors of 329836939?
329836939
List the prime factors of 102514092.
2, 3, 157, 54413
What are the prime factors of 1295757244?
2, 323939311
What are the prime factors of 850917162?
2, 3, 83, 1708669
What are the prime factors of 1170990102?
2, 3, 19, 10271843
What are the prime factors of 7456732897?
71, 1479217
List the prime factors of 601252486.
2, 300626243
List the prime factors of 47293594.
2, 23646797
What are the prime factors of 368957441?
269, 1371589
What are the prime factors of 262423782?
2, 3, 19, 767321
What are the prime factors of 431035244?
2, 163, 661097
List the prime factors of 1622233886.
2, 7, 13, 73, 17443
What are the prime factors of 171009214?
2, 1601, 53407
List the prime factors of 109684267.
7, 11, 1424471
List the prime factors of 45720171.
3, 7, 61, 11897
List the prime factors of 3355499390.
2, 5, 1259, 266521
What are the prime factors of 1009227040?
2, 5, 181, 34849
List the prime factors of 6259351.
7, 894193
List the prime factors of 1545450849.
3, 171716761
List the prime factors of 1148275070.
2, 5, 19, 6043553
What are the prime factors of 110026192?
2, 31, 221827
List the prime factors of 146835691.
146835691
What are the prime factors of 239117956?
2, 7, 11, 776357
List the prime factors of 296794164.
2, 3, 24732847
What are the prime factors of 913236804?
2, 3, 17, 23, 64879
What are the prime factors of 329344761?
3, 109781587
What are the prime factors of 3627636917?
37, 1223, 80167
What are the prime factors of 159488640?
2, 3, 5, 27689
What are the prime factors of 375587881?
375587881
What are the prime factors of 258545231?
7, 17, 23, 94463
What are the prime factors of 72653637?
3, 7, 89, 38873
What are the prime factors of 72403969?
11, 17, 387187
List the prime factors of 847968447.
3, 282656149
What are the prime factors of 13320283?
349, 38167
List the prime factors of 12261836.
2, 3065459
What are the prime factors of 100487109?
3, 103, 325201
List the prime factors of 202835175.
3, 5, 2704469
List the prime factors of 168373751.
7, 13, 264323
What are the prime factors of 954886857?
3, 19, 29, 59, 9791
List the prime factors of 23118946.
2, 17, 679969
What are the prime factors of 439125549?
3, 19, 7703957
List the prime factors of 1856577753.
3, 263, 87151
What are the prime factors of 222537716?
2, 31, 1794659
What are the prime factors of 11256105?
3, 5, 7, 107201
List the prime factors of 1552196005.
5, 310439201
List the prime factors of 215940752.
2, 193, 69929
What are the prime factors of 134872382?
2, 31, 541, 4021
What are the prime factors of 275635122?
2, 3, 7, 6562741
What are the prime factors of 26760466?
2, 13380233
List the prime factors of 434110083.
3, 11, 103, 127717
List the prime factors of 1910732384.
2, 11, 97, 107, 523
List the prime factors of 237006857.
1213, 195389
What are the prime factors of 122570006?
2, 13, 881, 5351
List the prime factors of 653689820.
2, 5, 7, 149, 31337
What are the prime factors of 33958880?
2, 5, 212243
List the prime factors of 1115486642.
2, 14797, 37693
What are the prime factors of 911573?
13, 70121
What are the prime factors of 45527958?
2, 3, 7, 41, 1259
List the prime factors of 309087946.
2, 997, 155009
What are the prime factors of 348313541?
23, 15144067
List the prime factors of 157808996.
2, 37, 719, 1483
What are the prime factors of 312693965?
5, 3373, 18541
List the prime factors of 247721174.
2, 211, 587017
List the prime factors of 41129683.
7, 41, 139, 1031
What are the prime factors of 47317930?
2, 5, 11, 149, 2887
List the prime factors of 2435581744.
2, 152223859
What are the prime factors of 138209909?
127, 1088267
What are the prime factors of 1761727127?
1761727127
What are the prime factors of 17894400?
2, 3, 5, 233
What are the prime factors of 72258166?
2, 36129083
List the prime factors of 961721217.
3, 379, 281947
What are the prime factors of 586162090?
2, 5, 58616209
List the prime factors of 191956112.
2, 17, 41513
List the prime factors of 212178932.
2, 7, 263, 28813
List the prime factors of 491202117.
3, 7, 19, 19541
List the prime factors of 33243138.
2, 3, 1237, 1493
List the prime factors of 17213830.
2, 5, 1721383
List the prime factors of 187687454.
2, 31, 211, 14347
What are the prime factors of 993812974?
2, 7, 11, 19, 339649
What are the prime factors of 217262924?
2, 17, 317, 10079
List the prime factors of 79598572.
2, 4363, 4561
What are the prime factors of 73171082?
2, 479, 76379
List the prime factors of 2252458258.
2, 167, 6743887
What are the prime factors of 5418601890?
2, 3, 5, 13, 59, 235489
List the prime factors of 235179735.
3, 5, 7, 2239807
List the prime factors of 4659531066.
2, 3, 463, 559099
What are the prime factors of 371691340?
2, 5, 18584567
List the prime factors of 221590334.
2, 7, 29, 545789
What are the prime factors of 58676609?
2383, 24623
List the prime factors of 16575894.
2, 3, 89, 3449
List the prime factors of 6081947975.
5, 19, 677, 18913
List the prime factors of 1242682312.
2, 11783, 13183
List the prime factors of 4538563174.
2, 19, 119435873
What are the prime factors of 75944311?
19, 3997069
List the prime factors of 1724517172.
2, 7, 271, 32467
List the prime factors of 2922446143.
7229, 404267
List the prime factors of 41893558.
2, 7, 191, 15667
What are the prime factors of 1665931735?
5, 13, 761, 33679
What are the prime factors of 37540730?
2, 5, 907, 4139
List the prime factors of 1379161963.
6637, 207799
What are the prime factors of 11762956?
2, 1013, 2903
What are the prime factors of 554175519?
3, 71, 2601763
List the prime factors of 68815674.
2, 3, 1789, 2137
List the prime factors of 214862525.
5, 163, 52727
List the prime factors of 64057626.
2, 3, 19, 187303
List the prime factors of 202053301.
202053301
What are the prime factors of 6565398747?
3, 2188466249
List the prime factors of 1500475079.
59, 83, 306407
What